{"id":12,"date":"2018-09-18T23:18:03","date_gmt":"2018-09-18T21:18:03","guid":{"rendered":"http:\/\/tpshop.chd-networks.de\/?page_id=12"},"modified":"2020-04-03T11:14:49","modified_gmt":"2020-04-03T09:14:49","slug":"impressum","status":"publish","type":"page","link":"https:\/\/tpshop.chd-networks.de\/index.php\/impressum\/","title":{"rendered":"Impressum"},"content":{"rendered":"<div class=\"_4bl7 _3-99\">\n<div id=\"u_fetchstream_5_e\" class=\"_5aj7 _3-8j\">\n<div class=\"_4bl9\">\n<div class=\"_3-8w\">\n<div id=\"id_5e86fa4bcfb745394517220\" class=\"text_exposed_root text_exposed\"><b><i><\/i><\/b>\n<table>\n<tbody>\n<tr>\n<td width=\"100%\">IMPRESSUM<\/td>\n<\/tr>\n<\/tbody>\n<\/table>\n<table>\n<tbody>\n<tr>\n<td>\n<p><strong>CHD-Networks GmbH<\/strong><\/p>\n<p>\u00a0<\/p>\n<p>Am Markt 4-6<\/p>\n<p>15517 F\u00fcrstenwalde<\/p>\n<p><strong style=\"font-weight: 400;\">Tel.:<\/strong> 03361 \u2013 760444<\/p>\n<p><strong style=\"font-weight: 400;\">Fax:<\/strong> 03361 \u2013 760480<\/p>\n<p><strong>E-Mail:<\/strong> <a href=\"mailto:info@chd-networks.de\">info@chd-networks.de<\/a><\/p>\n<p><strong>Gesch\u00e4ftsf\u00fchrer:<br \/><\/strong>Diplom-Kaufmann (FH), Diplom-Wirtschaftsinformatiker (FH) Norbert Gr\u00f6sch<\/p>\n<p>Bankverbindung<\/p>\n<p>Deutsche Bank<\/p>\n<p>Kto.-Nr.:\u00a0 313 722 100<\/p>\n<p>BLZ:\u00a0\u00a0\u00a0\u00a0\u00a0\u00a0\u00a0\u00a0 120 700 24<\/p>\n<p>Handelsregister Frankfurt(Oder) HRB-Nr.:\u00a0\u00a0 10517FF<\/p>\n<p>Finanzamt F\u00fcrstenwalde (Spree) Steuer-Nr.: 063\/107\/02089<\/p>\n<p>Umsatzsteuer-Identifikations-Nummer: DE213173581<\/p>\n<p><strong>Erstellung:<\/strong><br \/>CHD-Networks GmbH<\/p>\n<p>M\u00fchlenstra\u00dfe 15<br \/>15517 F\u00fcrstenwalde<\/p>\n<p><a href=\"mailto:info@chd-networks.de\">info@chd-networks.de<\/a><\/p>\n<p>\u00a0<\/p>\n<p><strong>Haftungsausschluss<\/strong><\/p>\n<p>1. Inhalt des Onlineangebotes<br \/>Die CHD-Networks GmbH \u00fcbernimmt keinerlei Gew\u00e4hr f\u00fcr die Aktualit\u00e4t, Korrektheit, Vollst\u00e4ndigkeit oder Qualit\u00e4t der bereitgestellten Informationen. Haftungsanspr\u00fcche gegen die CHD-Networks GmbH, welche sich auf Sch\u00e4den materieller oder ideeller Art beziehen, die durch die Nutzung oder Nichtnutzung der dargebotenen Informationen bzw. durch die Nutzung fehlerhafter und unvollst\u00e4ndiger Informationen verursacht wurden sind grunds\u00e4tzlich ausgeschlossen, sofern seitens der CHD-Networks GmbH kein nachweislich vors\u00e4tzliches oder grob fahrl\u00e4ssiges Verschulden vorliegt. Alle Angebote sind freibleibend und unverbindlich. Die CHD-Networks GmbH beh\u00e4lt es sich ausdr\u00fccklich vor, Teile der Seiten oder das gesamte Angebot ohne gesonderte Ank\u00fcndigung zu ver\u00e4ndern, zu erg\u00e4nzen, zu l\u00f6schen oder die Ver\u00f6ffentlichung zeitweise oder endg\u00fcltig einzustellen.<\/p>\n<p><br \/>2. Verweise und Links<br \/>Bei direkten oder indirekten Verweisen auf fremde Internetseiten (&#8222;Links&#8220;), die au\u00dferhalb des Verantwortungsbereiches der CHD-Networks GmbH liegen, w\u00fcrde eine Haftungsverpflichtung ausschlie\u00dflich in dem Fall in Kraft treten, in dem die CHD-Networks GmbH von den Inhalten Kenntnis hat und es ihr technisch m\u00f6glich und zumutbar w\u00e4re, die Nutzung im Falle rechtswidriger Inhalte zu verhindern. Die CHD-Networks GmbH hiermit ausdr\u00fccklich, dass zum Zeitpunkt der Linksetzung die entsprechenden verlinkten Seiten frei von illegalen Inhalten waren. Auf die aktuelle und zuk\u00fcnftige Gestaltung, die Inhalte oder die Urheberschaft der gelinkten\/verkn\u00fcpften Seiten hat die CHD-Networks GmbH keinerlei Einfluss. Deshalb distanziert sich die CHD-Networks GmbH hiermit ausdr\u00fccklich von allen Inhalten aller gelinkten \/verkn\u00fcpften Seiten, die nach der Linksetzung ver\u00e4ndert wurden. Diese Feststellung gilt f\u00fcr alle innerhalb des eigenen Internetangebotes gesetzten Links und Verweise sowie f\u00fcr Fremdeintr\u00e4ge in von der CHD-Networks GmbH eingerichteten G\u00e4steb\u00fcchern, Diskussionsforen und Mailinglisten. F\u00fcr illegale, fehlerhafte oder unvollst\u00e4ndige Inhalte und insbesondere f\u00fcr Sch\u00e4den, die aus der Nutzung oder Nichtnutzung solcherart dargebotener Informationen entstehen, haftet allein der Anbieter der Seite, auf welche verwiesen wurde, nicht derjenige, der \u00fcber Links auf die jeweilige Ver\u00f6ffentlichung lediglich verweist.<\/p>\n<p><br \/>3. Urheber- und Kennzeichenrecht<br \/>Die CHD-Networks GmbH ist bestrebt, in allen Publikationen die Urheberrechte der verwendeten Grafiken, Tondokumente, Videosequenzen und Texte zu beachten, von ihm selbst erstellte Grafiken, Tondokumente, Videosequenzen und Texte zu nutzen oder auf lizenzfreie Grafiken, Tondokumente, Videosequenzen und Texte zur\u00fcckzugreifen. Alle innerhalb des Internetangebotes genannten und ggf. durch Dritte gesch\u00fctzten Marken- und Warenzeichen unterliegen uneingeschr\u00e4nkt den Bestimmungen des jeweils g\u00fcltigen Kennzeichenrechts und den Besitzrechten der jeweiligen eingetragenen Eigent\u00fcmer. Allein aufgrund der blo\u00dfen Nennung ist nicht der Schluss zu ziehen, dass Markenzeichen nicht durch Rechte Dritter gesch\u00fctzt sind! Das Copyright f\u00fcr ver\u00f6ffentlichte, von der CHD-Networks GmbH selbst erstellte Objekte bleibt allein bei der CHD-Networks GmbH. Eine Vervielf\u00e4ltigung oder Verwendung solcher Grafiken, Tondokumente, Videosequenzen und Texte in anderen elektronischen oder gedruckten Publikationen ist ohne ausdr\u00fcckliche Zustimmung der CHD-Networks GmbH nicht gestattet.<\/p>\n<p><br \/>4. Datenschutz<br \/>Sofern innerhalb des Internetangebotes die M\u00f6glichkeit zur Eingabe pers\u00f6nlicher oder gesch\u00e4ftlicher Daten (Emailadressen, Namen, Anschriften) besteht, so erfolgt die Preisgabe dieser Daten seitens des Nutzers auf ausdr\u00fccklich freiwilliger Basis. Die Inanspruchnahme und Bezahlung aller angebotenen Dienste ist &#8211; soweit technisch m\u00f6glich und zumutbar &#8211; auch ohne Angabe solcher Daten bzw. unter Angabe anonymisierter Daten oder eines Pseudonyms gestattet.<\/p>\n<p><a href=\"https:\/\/www.chd-networks.de\/datenschutz\"><strong><em>Hier klicken um weitere Deteils zu erfahren!<\/em><\/strong><\/a><\/p>\n<p><br \/>5. Rechtswirksamkeit dieses Haftungsausschlusses<br \/>Dieser Haftungsausschluss ist als Teil des Internetangebotes zu betrachten, von dem aus auf diese Seite verwiesen wurde. Sofern Teile oder einzelne Formulierungen dieses Textes der geltenden Rechtslage nicht, nicht mehr oder nicht vollst\u00e4ndig entsprechen sollten, bleiben die \u00fcbrigen Teile des Dokumentes in ihrem Inhalt und ihrer G\u00fcltigkeit davon unber\u00fchrt.<\/p>\n<\/td>\n<\/tr>\n<\/tbody>\n<\/table>\n<\/div>\n<\/div>\n<\/div>\n<\/div>\n<\/div>\n<p>\u00a0<\/p>\n\n\n<p><\/p>\n","protected":false},"excerpt":{"rendered":"IMPRESSUM CHD-Networks GmbH \u00a0 Am Markt 4-6 15517 F\u00fcrstenwalde Tel.: 03361 \u2013 760444 Fax: 03361 \u2013 760480 E-Mail: info@chd-networks.de Gesch\u00e4ftsf\u00fchrer:Diplom-Kaufmann (FH), Diplom-Wirtschaftsinformatiker (FH) Norbert Gr\u00f6sch Bankverbindung Deutsche Bank Kto.-Nr.:\u00a0 313 722 100 BLZ:\u00a0\u00a0\u00a0\u00a0\u00a0\u00a0\u00a0\u00a0 120 700 24 Handelsregister Frankfurt(Oder) HRB-Nr.:\u00a0\u00a0 10517FF Finanzamt F\u00fcrstenwalde (Spree) Steuer-Nr.: 063\/107\/02089 Umsatzsteuer-Identifikations-Nummer: DE213173581 Erstellung:CHD-Networks GmbH M\u00fchlenstra\u00dfe 1515517 F\u00fcrstenwalde info@chd-networks.de \u00a0 Haftungsausschluss [&hellip;]","protected":false},"author":1,"featured_media":0,"parent":0,"menu_order":0,"comment_status":"closed","ping_status":"closed","template":"","meta":{"footnotes":""},"class_list":["post-12","page","type-page","status-publish","hentry"],"_links":{"self":[{"href":"https:\/\/tpshop.chd-networks.de\/index.php\/wp-json\/wp\/v2\/pages\/12","targetHints":{"allow":["GET"]}}],"collection":[{"href":"https:\/\/tpshop.chd-networks.de\/index.php\/wp-json\/wp\/v2\/pages"}],"about":[{"href":"https:\/\/tpshop.chd-networks.de\/index.php\/wp-json\/wp\/v2\/types\/page"}],"author":[{"embeddable":true,"href":"https:\/\/tpshop.chd-networks.de\/index.php\/wp-json\/wp\/v2\/users\/1"}],"replies":[{"embeddable":true,"href":"https:\/\/tpshop.chd-networks.de\/index.php\/wp-json\/wp\/v2\/comments?post=12"}],"version-history":[{"count":6,"href":"https:\/\/tpshop.chd-networks.de\/index.php\/wp-json\/wp\/v2\/pages\/12\/revisions"}],"predecessor-version":[{"id":358,"href":"https:\/\/tpshop.chd-networks.de\/index.php\/wp-json\/wp\/v2\/pages\/12\/revisions\/358"}],"wp:attachment":[{"href":"https:\/\/tpshop.chd-networks.de\/index.php\/wp-json\/wp\/v2\/media?parent=12"}],"curies":[{"name":"wp","href":"https:\/\/api.w.org\/{rel}","templated":true}]}}